er?
True
Is 22921 prime?
True
Is 600587 composite?
True
Is 3417623 composite?
True
Is 14631 composite?
True
Is 128519 composite?
False
Is 3566 a prime number?
False
Is 24403 prime?
False
Is 24965 a composite number?
True
Is 115201 a composite number?
False
Is 6403 a composite number?
True
Is 37841 composite?
True
Is 22663 a prime number?
False
Is 104691 a composite number?
True
Is 63721 a composite number?
True
Is 539519 a prime number?
False
Is 4141562 prime?
False
Is 6643249 a prime number?
True
Is 602453 a prime number?
True
Is 227413 a prime number?
False
Is 7067 a prime number?
False
Is 3343 composite?
False
Is 1209311 a prime number?
True
Is 41801 prime?
True
Is 101551 a prime number?
False
Is 502781 prime?
True
Is 1181903 a prime number?
False
Is 136691 composite?
False
Is 10427 composite?
False
Is 16547 a prime number?
True
Is 215279 a prime number?
True
Is 792826 a composite number?
True
Is 8939 a prime number?
False
Is 16581 composite?
True
Is 12301 composite?
False
Is 112031 a composite number?
False
Is 153589 prime?
True
Is 360455 a prime number?
False
Is 26689 composite?
True
Is 385453 prime?
False
Is 523333 composite?
False
Is 239201 a composite number?
False
Is 26603 a prime number?
False
Is 4169 prime?
False
Is 23137 a prime number?
False
Is 2722 composite?
True
Is 45367 prime?
False
Is 575551 a composite number?
False
Is 771 composite?
True
Is 267037 prime?
True
Is 38821 a prime number?
True
Is 46439 composite?
False
Is 32933 composite?
False
Is 3061 prime?
True
Is 13247 a prime number?
False
Is 233879 prime?
True
Is 857221 a composite number?
False
Is 15511 composite?
False
Is 6673 a composite number?
False
Is 604729 a composite number?
False
Is 43649 a prime number?
True
Is 78929 prime?
True
Is 18929 composite?
True
Is 7477 a prime number?
True
Is 13263 a prime number?
False
Is 197905 a composite number?
True
Is 22871 prime?
True
Is 31601 prime?
True
Is 176723 composite?
True
Is 1101 composite?
True
Is 136481 a prime number?
True
Is 15947 composite?
True
Is 236807 a composite number?
False
Is 82883 composite?
False
Is 35681 a composite number?
True
Is 1009094 composite?
True
Is 114181 a composite number?
True
Is 114857 prime?
False
Is 15769 composite?
True
Is 122663 a composite number?
False
Is 171529 prime?
True
Is 284979 prime?
False
Is 21893 a composite number?
False
Is 432587 prime?
True
Is 118097 a composite number?
True
Is 1294961 a prime number?
False
Is 504073 a composite number?
False
Is 68863 prime?
True
Is 16087 a prime number?
True
Is 21089 a prime number?
True
Is 3635 prime?
False
Is 6119 a prime number?
False
Is 120281 a prime number?
False
Is 464843 composite?
False
Is 707 a composite number?
True
Is 23599 a prime number?
True
Is 14969 composite?
False
Is 598963 a composite number?
False
Is 75593 composite?
True
Is 8501 composite?
False
Is 5383 a composite number?
True
Is 24169 a prime number?
True
Is 18583 a prime number?
True
Is 31469 composite?
False
Is 40771 prime?
True
Is 47569 a prime number?
True
Is 944831 a composite number?
True
Is 13163 a composite number?
False
Is 320627 a composite number?
False
Is 605837 a prime number?
True
Is 163 composite?
False
Is 918329 a prime number?
True
Is 66457 a composite number?
False
Is 7058 prime?
False
Is 29773 a prime number?
False
Is 3809 a composite number?
True
Is 12981 composite?
True
Is 6863 a prime number?
True
Is 463613 prime?
True
Is 7753 a composite number?
False
Is 7891 composite?
True
Is 79357 a composite number?
False
Is 85037 a composite number?
False
Is 61501 a composite number?
True
Is 70429 prime?
True
Is 1041 prime?
False
Is 1795193 prime?
False
Is 3351 a composite number?
True
Is 1857371 prime?
True
Is 204067 composite?
False
Is 18197 a prime number?
False
Is 106493 composite?
True
Is 7993 prime?
True
Is 5779 a prime number?
True
Is 126569 composite?
True
Is 27361 composite?
False
Is 15053 prime?
True
Is 4481 a composite number?
False
Is 4619 composite?
True
Is 36706 a prime number?
False
Is 12193 a prime number?
False
Is 8513 composite?
False
Is 30209 composite?
True
Is 78691 prime?
True
Is 897814 prime?
False
Is 1228951 a prime number?
True
Is 306233 prime?
False
Is 191297 a composite number?
False
Is 1708743 a prime number?
False
Is 1523 composite?
False
Is 25577 composite?
False
Is 71317 prime?
True
Is 78557 composite?
True
Is 245587 a composite number?
False
Is 925393 a prime number?
False
Is 1874 a prime number?
False
Is 87773 a composite number?
True
Is 18187 a composite number?
True
Is 390263 a composite number?
False
Is 143549 a prime number?
False
Is 5449 prime?
True
Is 40993 composite?
False
Is 146479 composite?
True
Is 76061 composite?
True
Is 1649551 a composite number?
True
Is 3166757 a prime number?
False
Is 12653 composite?
False
Is 476977 prime?
True
Is 2153 a composite number?
False
Is 98661 a composite number?
True
Is 82987 prime?
False
Is 72507 composite?
True
Is 183035 composite?
True
Is 16333 a prime number?
True
Is 246557 a composite number?
False
Is 5557 prime?
True
Is 156671 composite?
False
Is 9691 composite?
True
Is 35419 a prime number?
True
Is 1078427 a composite number?
True
Is 76961 a prime number?
True
Is 838441 prime?
True
Is 103349 composite?
False
Is 519154 a composite number?
True
Is 13781 a composite number?
False
Is 3022 a composite number?
True
Is 211921 a prime number?
False
Is 171203 a composite number?
False
Is 2095 prime?
False
Is 17269 prime?
False
Is 593 a prime number?
True
Is 1283237 composite?
False
Is 12269 a composite number?
False
Is 66727 composite?
True
Is 33206 a prime number?
False
Is 202183 prime?
True
Is 779761 a composite number?
False
Is 925271 prime?
True
Is 72301 prime?
False
Is 20873 composite?
False
Is 26627 a prime number?
True
Is 5404433 prime?
True
Is 23979 composite?
True
Is 41639 prime?
False
Is 886097 a composite number?
False
Is 103471 composite?
False
Is 120059 a composite number?
True
Is 17123 composite?
False
Is 26449 prime?
True
Is 2573 a composite number?
True
Is 6047 prime?
True
Is 971 composite?
False
Is 2280767 prime?
True
Is 144299 a prime number?
True
Is 263489 a composite number?
False
Is 5583 prime?
False
Is 125519 composite?
True
Is 75995 prime?
False
Is 10294 a prime number?
False
Is 325387 a composite number?
True
Is 188614 composite?
True
Is 40343 composite?
False
Is 216091 a composite number?
False
Is 28606 prime?
False
Is 1087 a prime number?
True
Is 1906 a composite number?
True
Is 469477 composite?
True
Is 3937 a composite number?
True
Is 19029 a composite number?
True
Is 73261 a composite number?
True
Is 28151 a composite number?
False
Is 38518 a prime number?
False
Is 4871 a prime number?
True
Is 2346719 composite?
False
Is 4621 a composite number?
False
Is 247103 a composite number?
True
Is 432941 a composite number?
True
Is 22303 prime?
True
Is 177389 a prime number?
False
Is 17009 a composite number?
True
Is 46373 a composite number?
True
Is 74687 a composite number?
False
Is 259337 a prime number?
False
Is 337853 composite?
False
Is 6347 a prime number?
False
Is 406469 prime?
False
Is 853 composite?
False
Is 3803 prime?
True
Is 17257 a composite number?
False
Is 456923 a composite number?
False
Is 6887 a prime number?
False
Is 1039229 composite?
False
Is 27085 prime?
False
Is 145349 prime?
True
Is 530902 composite?
True
Is 967349 composite?
False
Is 8801 composite?
True
Is 30679 prime?
False
Is 2223091 a composite number?
True
Is 26661 composite?
True
Is 25741 composite?
False
Is 302797 a composite number?
True
Is 27673 a prime number?
True
Is 572321 composite?
False
Is 665173 prime?
False
Is 445823 prime?
False
Is 1711 composite?
True
Is 44615 prime?
False
Is 81611 a composite number?
False
Is 53393 prime?
False
Is 190129 a composite number?
False
Is 4583 a composite number?
False
Is 61379 a composite number?
False
Is 43637 a prime number?
False
Is 204299 composite?
False
Is 258601 composite?
True
Is 2971 prime?
True
Is 228187 a prime number?
False
Is 1053979 prime?
False
Is 22766 a prime number?
False
Is 11239 prime?
True
Is 221 prime?
False
Is 5999 a composite number?
True
Is 174311 a composite number?
False
Is 8219 prime?
True
Is 49223 a prime number?
True
Is 159583 prime?
False
Is 13643 a composite number?
True
Is 28073 a prime number?
False
I